397, 10709
What are the prime factors of 3605541?
3, 29, 41443
What are the prime factors of 54753660?
2, 3, 5, 13, 23399
List the prime factors of 92839366.
2, 1423, 32621
List the prime factors of 3085137246.
2, 3, 23, 47, 131, 3631
List the prime factors of 5561460238.
2, 15493, 179483
What are the prime factors of 137953185?
3, 5, 313, 29383
List the prime factors of 53059394.
2, 2377, 11161
What are the prime factors of 6810670508?
2, 997, 1707791
List the prime factors of 3873434603.
3873434603
What are the prime factors of 4662761491?
29, 31, 347, 14947
List the prime factors of 403913772.
2, 3, 359, 31253
What are the prime factors of 64688125?
5, 29, 43, 83
List the prime factors of 3092962590.
2, 3, 5, 11455417
List the prime factors of 21261833.
89, 238897
What are the prime factors of 54550611?
3, 2020393
List the prime factors of 57308684.
2, 1109, 12919
What are the prime factors of 16371202?
2, 59, 138739
What are the prime factors of 360597579?
3, 2861, 42013
List the prime factors of 2076305133.
3, 7, 139, 711307
What are the prime factors of 144800647?
37, 3913531
What are the prime factors of 2977161892?
2, 211, 3527443
What are the prime factors of 5337489471?
3, 2557, 695801
List the prime factors of 31986441.
3, 1184683
List the prime factors of 24559122.
2, 3, 7, 743, 787
What are the prime factors of 2420321621?
31, 78074891
List the prime factors of 1425448676.
2, 356362169
What are the prime factors of 39501250?
2, 5, 31601
What are the prime factors of 19294207?
617, 31271
List the prime factors of 613896394.
2, 306948197
What are the prime factors of 646720299?
3, 37, 59, 32917
What are the prime factors of 51518967?
3, 569, 30181
What are the prime factors of 2965318033?
23, 97, 1329143
What are the prime factors of 109407378?
2, 3, 137, 167, 797
List the prime factors of 444375464.
2, 13, 4272841
List the prime factors of 2600237182.
2, 401, 3242191
List the prime factors of 271397961.
3, 1303, 23143
List the prime factors of 2121417332.
2, 101, 1657, 3169
List the prime factors of 587925176.
2, 73490647
List the prime factors of 93808943.
41, 379, 6037
What are the prime factors of 208505134?
2, 104252567
List the prime factors of 96957144.
2, 3, 23, 58549
List the prime factors of 136338172.
2, 61, 157, 3559
List the prime factors of 77088578.
2, 7, 107, 51461
What are the prime factors of 633894953?
633894953
What are the prime factors of 1732395471?
3, 19, 53, 573451
What are the prime factors of 4538210212?
2, 1134552553
What are the prime factors of 1268459217?
3, 29, 311, 5209
List the prime factors of 482344151.
599, 805249
What are the prime factors of 2379145107?
3, 107, 7411667
What are the prime factors of 638301977?
29, 22010413
What are the prime factors of 2185038270?
2, 3, 5, 4561, 5323
List the prime factors of 923483330.
2, 5, 7, 11, 1199329
What are the prime factors of 40183733?
17, 2363749
List the prime factors of 67530075.
3, 5, 41, 21961
What are the prime factors of 1788790087?
7, 491, 520451
List the prime factors of 18619483.
53, 351311
What are the prime factors of 3466971451?
103, 701, 48017
What are the prime factors of 430215529?
23, 18705023
What are the prime factors of 272233631?
17, 16013743
List the prime factors of 1697750791.
11, 154340981
What are the prime factors of 63966042?
2, 3, 7, 507667
What are the prime factors of 548440893?
3, 7, 11, 13, 17, 3581
List the prime factors of 236269067.
7907, 29881
List the prime factors of 231654249.
3, 2859929
What are the prime factors of 4085568594?
2, 3, 19, 83, 163, 883
List the prime factors of 784100529.
3, 139, 173, 3623
List the prime factors of 150017605.
5, 17, 61, 28933
What are the prime factors of 113028861?
3, 11, 3425117
List the prime factors of 126166405.
5, 229, 251, 439
List the prime factors of 61440805.
5, 17, 722833
List the prime factors of 284424406.
2, 7, 103, 197243
List the prime factors of 69369761.
69369761
List the prime factors of 14847068.
2, 181, 20507
List the prime factors of 1059061682.
2, 7, 17, 59, 199, 379
What are the prime factors of 6040972238?
2, 7, 307, 1405531
What are the prime factors of 92254854?
2, 3, 15375809
List the prime factors of 326072217.
3, 857, 126827
What are the prime factors of 106651375?
5, 853211
List the prime factors of 39908789.
1153, 34613
What are the prime factors of 34394007?
3, 11464669
What are the prime factors of 958214642?
2, 7, 11, 6222173
What are the prime factors of 84871229?
37, 2293817
What are the prime factors of 1754333211?
3, 23, 25425119
List the prime factors of 1275767791.
443, 2879837
What are the prime factors of 715931948?
2, 17, 23, 457757
What are the prime factors of 111516278?
2, 55758139
What are the prime factors of 107402042?
2, 11, 23, 31, 41, 167
What are the prime factors of 27225485?
5, 7, 777871
What are the prime factors of 1676670685?
5, 4787, 70051
What are the prime factors of 257039396?
2, 191, 401, 839
List the prime factors of 33608380.
2, 5, 13, 129263
What are the prime factors of 9230570?
2, 5, 419, 2203
List the prime factors of 64584797.
64584797
What are the prime factors of 45306964?
2, 23, 492467
List the prime factors of 84000082.
2, 131, 320611
List the prime factors of 142832658.
2, 3, 23805443
List the prime factors of 126047667.
3, 42015889
List the prime factors of 238622.
2, 119311
What are the prime factors of 64433464?
2, 443, 18181
List the prime factors of 345312074.
2, 172656037
What are the prime factors of 53890445?
5, 7, 67
List the prime factors of 18584457.
3, 6194819
List the prime factors of 29816332.
2, 7, 13, 6301
What are the prime factors of 44370613?
7, 97, 101, 647
What are the prime factors of 16402763?
13, 181, 6971
List the prime factors of 275868999.
3, 7, 19, 230467
What are the prime factors of 49587435?
3, 5, 19, 59, 983
What are the prime factors of 167580746?
2, 1889, 44357
What are the prime factors of 225174706?
2, 41, 2746033
What are the prime factors of 1577207875?
5, 97, 130079
What are the prime factors of 690933976?
2, 43, 2008529
List the prime factors of 548081413.
11, 49825583
What are the prime factors of 86186834?
2, 43093417
List the prime factors of 867134553.
3, 37, 7812023
List the prime factors of 1123807640.
2, 5, 28095191
What are the prime factors of 114373428?
2, 3, 13, 587, 1249
List the prime factors of 2797568255.
5, 559513651
List the prime factors of 19420537.
19420537
What are the prime factors of 345199923?
3, 19, 2018713
List the prime factors of 4294835497.
239, 17970023
List the prime factors of 55226021.
55226021
What are the prime factors of 79716674?
2, 101, 394637
List the prime factors of 17640255.
3, 5, 53, 22189
List the prime factors of 206097753.
3, 43, 1597657
List the prime factors of 1113279530.
2, 5, 11, 10120723
What are the prime factors of 21151276?
2, 5287819
What are the prime factors of 620839118?
2, 310419559
What are the prime factors of 134425379?
11, 12220489
What are the prime factors of 243691433?
173, 1408621
What are the prime factors of 151093950?
2, 3, 5, 7, 61, 337
What are the prime factors of 11911321?
11911321
What are the prime factors of 1288198921?
1288198921
List the prime factors of 371790647.
89, 4177423
What are the prime factors of 177303789?
3, 13, 505139
What are the prime factors of 830566251?
3, 30761713
List the prime factors of 877106488.
2, 109638311
What are the prime factors of 174399412?
2, 11, 3963623
List the prime factors of 2546313915.
3, 5, 37, 4587953
What are the prime factors of 71387528?
2, 613, 14557
List the prime factors of 93072544.
2, 263, 11059
List the prime factors of 104550144.
2, 3, 136133
List the prime factors of 103290228.
2, 3, 29, 10993
List the prime factors of 36890768.
2, 811, 2843
List the prime factors of 856930527.
3, 23, 4139761
What are the prime factors of 53863961?
331, 162731
What are the prime factors of 9891066?
2, 3, 401, 4111
What are the prime factors of 128188687?
11, 17, 19, 109, 331
What are the prime factors of 40310331?
3, 313, 42929
List the prime factors of 94364859.
3, 31454953
List the prime factors of 72512415.
3, 5, 37, 1613
What are the prime factors of 4144580264?
2, 11, 47097503
List the prime factors of 6948958.
2, 3474479
What are the prime fa